{"id":3238,"date":"2021-04-22T22:02:11","date_gmt":"2021-04-22T20:02:11","guid":{"rendered":"https:\/\/lluriabarcelona.com\/atico-en-el-paseo-de-gracia-de-barcelona\/"},"modified":"2021-06-25T13:06:56","modified_gmt":"2021-06-25T11:06:56","slug":"atico-en-el-paseo-de-gracia-de-barcelona","status":"publish","type":"page","link":"https:\/\/lluriabarcelona.com\/ca\/atico-en-el-paseo-de-gracia-de-barcelona\/","title":{"rendered":"\u00c0TICO AL PASEIG DE GR\u00c0CIA DE BARCELONA"},"content":{"rendered":"<p>[vc_row css=&#8221;.vc_custom_1577967230778{margin-top: 75px !important;margin-bottom: 50px !important;}&#8221;][vc_column][vc_column_text el_class=&#8221;titProyecto&#8221;]<\/p>\n<p style=\"text-align: center;\">\u00c0TIC AL PASEIG DE GR\u00c0CIA<\/p>\n<p>[\/vc_column_text][vc_empty_space height=&#8221;10px&#8221;][\/vc_column][\/vc_row][vc_row full_width=&#8221;stretch_row_content_no_spaces&#8221; css=&#8221;.vc_custom_1587463124812{background-color: #bebfc0 !important;}&#8221;][vc_column][vc_row_inner gap=&#8221;35&#8243; el_class=&#8221;centrada2 white&#8221; css=&#8221;.vc_custom_1618404805241{margin-top: 40px !important;}&#8221;][vc_column_inner width=&#8221;2\/3&#8243;][vc_single_image image=&#8221;442&#8243; img_size=&#8221;full&#8221; alignment=&#8221;center&#8221;][\/vc_column_inner][vc_column_inner width=&#8221;1\/3&#8243;][vc_column_text]<\/p>\n<p style=\"text-align: justify;\">L&#8217;entrada de la finca va ser redissenyada pel conegut arquitecte Federico Correa. Va ser Professor a l&#8217;Escola T\u00e8cnica Superior d&#8217;Arquitectura de Barcelona (1959-1966), el 1977 va obtenir la c\u00e0tedra de Projectes, i des de 1967 va ser tamb\u00e9 professor de l&#8217;Escola EINA. Entre la seva obra destaquen: el projecte ETADE, Barcelona (1962); el restaurant Reno, Barcelona (1962); la f\u00e0brica Montesa, Esplugues de Llobregat (1963); la f\u00e0brica God\u00f3 i Trias, Hospitalet de Llobregat; casa de pisos a la Diagonal de Barcelona (1969); la Talaia de Barcelona (1972, premi FAD d&#8217;Arquitectura). Va col\u00b7laborar en el projecte de l&#8217;Anella Ol\u00edmpica de Barcelona (1984), sent un dels restauradors de l&#8217;Estadi Ol\u00edmpic Llu\u00eds Companys, i ha dissenyat la nova seu de la Diputaci\u00f3 de Barcelona.<\/p>\n<p>[\/vc_column_text][\/vc_column_inner][\/vc_row_inner][\/vc_column][\/vc_row][vc_row][vc_column][vc_empty_space height=&#8221;60px&#8221;][\/vc_column][\/vc_row][vc_row][vc_column][vc_single_image image=&#8221;577&#8243; img_size=&#8221;full&#8221; alignment=&#8221;center&#8221;][\/vc_column][\/vc_row][vc_row][vc_column][vc_empty_space height=&#8221;60px&#8221;][\/vc_column][\/vc_row]<\/p>\n","protected":false},"excerpt":{"rendered":"<p>[vc_row css=&#8221;.vc_custom_1577967230778{margin-top: 75px !important;margin-bottom: 50px !important;}&#8221;][vc_column][vc_column_text el_class=&#8221;titProyecto&#8221;] \u00c0TIC AL PASEIG DE GR\u00c0CIA [\/vc_column_text][vc_empty_space height=&#8221;10px&#8221;][\/vc_column][\/vc_row][vc_row full_width=&#8221;stretch_row_content_no_spaces&#8221; css=&#8221;.vc_custom_1587463124812{background-color: #bebfc0 !important;}&#8221;][vc_column][vc_row_inner gap=&#8221;35&#8243; el_class=&#8221;centrada2 white&#8221; css=&#8221;.vc_custom_1618404805241{margin-top: 40px !important;}&#8221;][vc_column_inner width=&#8221;2\/3&#8243;][vc_single_image image=&#8221;442&#8243; img_size=&#8221;full&#8221; alignment=&#8221;center&#8221;][\/vc_column_inner][vc_column_inner width=&#8221;1\/3&#8243;][vc_column_text] L&#8217;entrada de la finca va ser redissenyada pel conegut arquitecte Federico Correa. Va ser Professor a l&#8217;Escola T\u00e8cnica Superior d&#8217;Arquitectura de Barcelona (1959-1966), el 1977 va [&hellip;]<\/p>\n","protected":false},"author":1,"featured_media":0,"parent":0,"menu_order":0,"comment_status":"closed","ping_status":"closed","template":"fullwidth.php","meta":{"footnotes":""},"_links":{"self":[{"href":"https:\/\/lluriabarcelona.com\/ca\/wp-json\/wp\/v2\/pages\/3238"}],"collection":[{"href":"https:\/\/lluriabarcelona.com\/ca\/wp-json\/wp\/v2\/pages"}],"about":[{"href":"https:\/\/lluriabarcelona.com\/ca\/wp-json\/wp\/v2\/types\/page"}],"author":[{"embeddable":true,"href":"https:\/\/lluriabarcelona.com\/ca\/wp-json\/wp\/v2\/users\/1"}],"replies":[{"embeddable":true,"href":"https:\/\/lluriabarcelona.com\/ca\/wp-json\/wp\/v2\/comments?post=3238"}],"version-history":[{"count":4,"href":"https:\/\/lluriabarcelona.com\/ca\/wp-json\/wp\/v2\/pages\/3238\/revisions"}],"predecessor-version":[{"id":3249,"href":"https:\/\/lluriabarcelona.com\/ca\/wp-json\/wp\/v2\/pages\/3238\/revisions\/3249"}],"wp:attachment":[{"href":"https:\/\/lluriabarcelona.com\/ca\/wp-json\/wp\/v2\/media?parent=3238"}],"curies":[{"name":"wp","href":"https:\/\/api.w.org\/{rel}","templated":true}]}}

ÀTICO AL PASEIG DE GRÀCIA DE BARCELONA

<p>[vc_row css=&#8221;.vc_custom_1577967230778{margin-top: 75px !important;margin-bottom: 50px !important;}&#8221;][vc_column][vc_column_text el_class=&#8221;titProyecto&#8221;]</p>
<p style="text-align: center;">ÀTIC AL PASEIG DE GRÀCIA</p>
<p>[/vc_column_text][vc_empty_space height=&#8221;10px&#8221;][/vc_column][/vc_row][vc_row full_width=&#8221;stretch_row_content_no_spaces&#8221; css=&#8221;.vc_custom_1587463124812{background-color: #bebfc0 !important;}&#8221;][vc_column][vc_row_inner gap=&#8221;35&#8243; el_class=&#8221;centrada2 white&#8221; css=&#8221;.vc_custom_1618404805241{margin-top: 40px !important;}&#8221;][vc_column_inner width=&#8221;2/3&#8243;][vc_single_image image=&#8221;442&#8243; img_size=&#8221;full&#8221; alignment=&#8221;center&#8221;][/vc_column_inner][vc_column_inner width=&#8221;1/3&#8243;][vc_column_text]</p>
<p style="text-align: justify;">L&#8217;entrada de la finca va ser redissenyada pel conegut arquitecte Federico Correa. Va ser Professor a l&#8217;Escola Tècnica Superior d&#8217;Arquitectura de Barcelona (1959-1966), el 1977 va obtenir la càtedra de Projectes, i des de 1967 va ser també professor de l&#8217;Escola EINA. Entre la seva obra destaquen: el projecte ETADE, Barcelona (1962); el restaurant Reno, Barcelona (1962); la fàbrica Montesa, Esplugues de Llobregat (1963); la fàbrica Godó i Trias, Hospitalet de Llobregat; casa de pisos a la Diagonal de Barcelona (1969); la Talaia de Barcelona (1972, premi FAD d&#8217;Arquitectura). Va col·laborar en el projecte de l&#8217;Anella Olímpica de Barcelona (1984), sent un dels restauradors de l&#8217;Estadi Olímpic Lluís Companys, i ha dissenyat la nova seu de la Diputació de Barcelona.</p>
<p>[/vc_column_text][/vc_column_inner][/vc_row_inner][/vc_column][/vc_row][vc_row][vc_column][vc_empty_space height=&#8221;60px&#8221;][/vc_column][/vc_row][vc_row][vc_column][vc_single_image image=&#8221;577&#8243; img_size=&#8221;full&#8221; alignment=&#8221;center&#8221;][/vc_column][/vc_row][vc_row][vc_column][vc_empty_space height=&#8221;60px&#8221;][/vc_column][/vc_row]</p>

<p>[vc_row css=&#8221;.vc_custom_1577967230778{margin-top: 75px !important;margin-bottom: 50px !important;}&#8221;][vc_column][vc_column_text el_class=&#8221;titProyecto&#8221;] ÀTIC AL PASEIG DE GRÀCIA [/vc_column_text][vc_empty_space height=&#8221;10px&#8221;][/vc_column][/vc_row][vc_row full_width=&#8221;stretch_row_content_no_spaces&#8221; css=&#8221;.vc_custom_1587463124812{background-color: #bebfc0 !important;}&#8221;][vc_column][vc_row_inner gap=&#8221;35&#8243; el_class=&#8221;centrada2 white&#8221; css=&#8221;.vc_custom_1618404805241{margin-top: 40px !important;}&#8221;][vc_column_inner width=&#8221;2/3&#8243;][vc_single_image image=&#8221;442&#8243; img_size=&#8221;full&#8221; alignment=&#8221;center&#8221;][/vc_column_inner][vc_column_inner width=&#8221;1/3&#8243;][vc_column_text] L&#8217;entrada de la finca va ser redissenyada pel conegut arquitecte Federico Correa. Va ser Professor a l&#8217;Escola Tècnica Superior d&#8217;Arquitectura de Barcelona (1959-1966), el 1977 va [&hellip;]</p>
