{"id":3243,"date":"2021-06-16T09:57:18","date_gmt":"2021-06-16T07:57:18","guid":{"rendered":"https:\/\/lluriabarcelona.com\/atico-vendido-en-les-corts\/"},"modified":"2021-06-25T13:05:42","modified_gmt":"2021-06-25T11:05:42","slug":"atico-vendido-en-les-corts","status":"publish","type":"page","link":"https:\/\/lluriabarcelona.com\/ca\/atico-vendido-en-les-corts\/","title":{"rendered":"\u00c0TIC VENUT A LES CORTS"},"content":{"rendered":"<p>[vc_row css=&#8221;.vc_custom_1577967230778{margin-top: 75px !important;margin-bottom: 50px !important;}&#8221;][vc_column][vc_column_text el_class=&#8221;titProyecto&#8221;]<\/p>\n<p style=\"text-align: center;\">\u00c0TIC VENUT A LES CORTS<\/p>\n<p>[\/vc_column_text][vc_empty_space height=&#8221;10px&#8221;][\/vc_column][\/vc_row][vc_row full_width=&#8221;stretch_row_content_no_spaces&#8221; css=&#8221;.vc_custom_1587463124812{background-color: #bebfc0 !important;}&#8221;][vc_column][vc_row_inner gap=&#8221;35&#8243; el_class=&#8221;centrada2 white&#8221; css=&#8221;.vc_custom_1618404805241{margin-top: 40px !important;}&#8221;][vc_column_inner width=&#8221;2\/3&#8243;][vc_single_image image=&#8221;2940&#8243; img_size=&#8221;full&#8221; alignment=&#8221;center&#8221;][\/vc_column_inner][vc_column_inner width=&#8221;1\/3&#8243;][vc_column_text]Es situa al barri de Les Corts oferint la tranquil\u00b7litat i l&#8217;eleg\u00e0ncia de la zona alta, alhora que conserva un aire popular i rural amb places i espais aut\u00e8ntics i singulars, com la pla\u00e7a de Comas, on el monument del pag\u00e8s Pau Farinetes d\u00f3na una pista sobre el passat agr\u00edcola de districte. El gran Camp del Bar\u00e7a aquesta nom\u00e9s a 20 minuts d&#8217;aquest habitatge en transport p\u00fablic.<\/p>\n<p>La superf\u00edcie \u00e9s de 283m inclosa la terrassa, dels quals corresponen 120 m a l&#8217;habitatge i la resta a la terrassa. Es compon de menjador-sala d&#8217;estar, rebedor, 3 dormitoris, cambra de bany, cuina-ofici i dormitoris i lavabo per a l&#8217;ofici, a m\u00e9s d&#8217;una terrassa.[\/vc_column_text][\/vc_column_inner][\/vc_row_inner][\/vc_column][\/vc_row][vc_row][vc_column][vc_empty_space height=&#8221;60px&#8221;][\/vc_column][\/vc_row][vc_row][vc_column][vc_single_image image=&#8221;2943&#8243; img_size=&#8221;full&#8221; alignment=&#8221;center&#8221;][\/vc_column][\/vc_row][vc_row][vc_column][vc_empty_space height=&#8221;60px&#8221;][\/vc_column][\/vc_row]<\/p>\n","protected":false},"excerpt":{"rendered":"<p>[vc_row css=&#8221;.vc_custom_1577967230778{margin-top: 75px !important;margin-bottom: 50px !important;}&#8221;][vc_column][vc_column_text el_class=&#8221;titProyecto&#8221;] \u00c0TIC VENUT A LES CORTS [\/vc_column_text][vc_empty_space height=&#8221;10px&#8221;][\/vc_column][\/vc_row][vc_row full_width=&#8221;stretch_row_content_no_spaces&#8221; css=&#8221;.vc_custom_1587463124812{background-color: #bebfc0 !important;}&#8221;][vc_column][vc_row_inner gap=&#8221;35&#8243; el_class=&#8221;centrada2 white&#8221; css=&#8221;.vc_custom_1618404805241{margin-top: 40px !important;}&#8221;][vc_column_inner width=&#8221;2\/3&#8243;][vc_single_image image=&#8221;2940&#8243; img_size=&#8221;full&#8221; alignment=&#8221;center&#8221;][\/vc_column_inner][vc_column_inner width=&#8221;1\/3&#8243;][vc_column_text]Es situa al barri de Les Corts oferint la tranquil\u00b7litat i l&#8217;eleg\u00e0ncia de la zona alta, alhora que conserva un aire popular i rural amb places i [&hellip;]<\/p>\n","protected":false},"author":1,"featured_media":0,"parent":0,"menu_order":0,"comment_status":"closed","ping_status":"closed","template":"fullwidth.php","meta":{"footnotes":""},"_links":{"self":[{"href":"https:\/\/lluriabarcelona.com\/ca\/wp-json\/wp\/v2\/pages\/3243"}],"collection":[{"href":"https:\/\/lluriabarcelona.com\/ca\/wp-json\/wp\/v2\/pages"}],"about":[{"href":"https:\/\/lluriabarcelona.com\/ca\/wp-json\/wp\/v2\/types\/page"}],"author":[{"embeddable":true,"href":"https:\/\/lluriabarcelona.com\/ca\/wp-json\/wp\/v2\/users\/1"}],"replies":[{"embeddable":true,"href":"https:\/\/lluriabarcelona.com\/ca\/wp-json\/wp\/v2\/comments?post=3243"}],"version-history":[{"count":4,"href":"https:\/\/lluriabarcelona.com\/ca\/wp-json\/wp\/v2\/pages\/3243\/revisions"}],"predecessor-version":[{"id":3247,"href":"https:\/\/lluriabarcelona.com\/ca\/wp-json\/wp\/v2\/pages\/3243\/revisions\/3247"}],"wp:attachment":[{"href":"https:\/\/lluriabarcelona.com\/ca\/wp-json\/wp\/v2\/media?parent=3243"}],"curies":[{"name":"wp","href":"https:\/\/api.w.org\/{rel}","templated":true}]}}

ÀTIC VENUT A LES CORTS

<p>[vc_row css=&#8221;.vc_custom_1577967230778{margin-top: 75px !important;margin-bottom: 50px !important;}&#8221;][vc_column][vc_column_text el_class=&#8221;titProyecto&#8221;]</p>
<p style="text-align: center;">ÀTIC VENUT A LES CORTS</p>
<p>[/vc_column_text][vc_empty_space height=&#8221;10px&#8221;][/vc_column][/vc_row][vc_row full_width=&#8221;stretch_row_content_no_spaces&#8221; css=&#8221;.vc_custom_1587463124812{background-color: #bebfc0 !important;}&#8221;][vc_column][vc_row_inner gap=&#8221;35&#8243; el_class=&#8221;centrada2 white&#8221; css=&#8221;.vc_custom_1618404805241{margin-top: 40px !important;}&#8221;][vc_column_inner width=&#8221;2/3&#8243;][vc_single_image image=&#8221;2940&#8243; img_size=&#8221;full&#8221; alignment=&#8221;center&#8221;][/vc_column_inner][vc_column_inner width=&#8221;1/3&#8243;][vc_column_text]Es situa al barri de Les Corts oferint la tranquil·litat i l&#8217;elegància de la zona alta, alhora que conserva un aire popular i rural amb places i espais autèntics i singulars, com la plaça de Comas, on el monument del pagès Pau Farinetes dóna una pista sobre el passat agrícola de districte. El gran Camp del Barça aquesta només a 20 minuts d&#8217;aquest habitatge en transport públic.</p>
<p>La superfície és de 283m inclosa la terrassa, dels quals corresponen 120 m a l&#8217;habitatge i la resta a la terrassa. Es compon de menjador-sala d&#8217;estar, rebedor, 3 dormitoris, cambra de bany, cuina-ofici i dormitoris i lavabo per a l&#8217;ofici, a més d&#8217;una terrassa.[/vc_column_text][/vc_column_inner][/vc_row_inner][/vc_column][/vc_row][vc_row][vc_column][vc_empty_space height=&#8221;60px&#8221;][/vc_column][/vc_row][vc_row][vc_column][vc_single_image image=&#8221;2943&#8243; img_size=&#8221;full&#8221; alignment=&#8221;center&#8221;][/vc_column][/vc_row][vc_row][vc_column][vc_empty_space height=&#8221;60px&#8221;][/vc_column][/vc_row]</p>

<p>[vc_row css=&#8221;.vc_custom_1577967230778{margin-top: 75px !important;margin-bottom: 50px !important;}&#8221;][vc_column][vc_column_text el_class=&#8221;titProyecto&#8221;] ÀTIC VENUT A LES CORTS [/vc_column_text][vc_empty_space height=&#8221;10px&#8221;][/vc_column][/vc_row][vc_row full_width=&#8221;stretch_row_content_no_spaces&#8221; css=&#8221;.vc_custom_1587463124812{background-color: #bebfc0 !important;}&#8221;][vc_column][vc_row_inner gap=&#8221;35&#8243; el_class=&#8221;centrada2 white&#8221; css=&#8221;.vc_custom_1618404805241{margin-top: 40px !important;}&#8221;][vc_column_inner width=&#8221;2/3&#8243;][vc_single_image image=&#8221;2940&#8243; img_size=&#8221;full&#8221; alignment=&#8221;center&#8221;][/vc_column_inner][vc_column_inner width=&#8221;1/3&#8243;][vc_column_text]Es situa al barri de Les Corts oferint la tranquil·litat i l&#8217;elegància de la zona alta, alhora que conserva un aire popular i rural amb places i [&hellip;]</p>
