{"id":3298,"date":"2021-04-22T22:08:56","date_gmt":"2021-04-22T20:08:56","guid":{"rendered":"https:\/\/lluriabarcelona.com\/las-boas-uno-de-los-residenciales-mas-lujosos-de-ibiza\/"},"modified":"2021-06-28T10:12:52","modified_gmt":"2021-06-28T08:12:52","slug":"las-boas-uno-de-los-residenciales-mas-lujosos-de-ibiza","status":"publish","type":"page","link":"https:\/\/lluriabarcelona.com\/ca\/las-boas-uno-de-los-residenciales-mas-lujosos-de-ibiza\/","title":{"rendered":"Las Boas, un dels residencials m\u00e9s luxosos d&#8217;Eivissa"},"content":{"rendered":"<p>[vc_row css=&#8221;.vc_custom_1577967230778{margin-top: 75px !important;margin-bottom: 50px !important;}&#8221;][vc_column][vc_column_text el_class=&#8221;titProyecto&#8221;]<\/p>\n<p style=\"text-align: center;\">Las Boas, un dels residencials m\u00e9s luxosos d&#8217;Eivissa<\/p>\n<p>[\/vc_column_text][vc_empty_space height=&#8221;10px&#8221;][\/vc_column][\/vc_row][vc_row full_width=&#8221;stretch_row_content_no_spaces&#8221; css=&#8221;.vc_custom_1587463124812{background-color: #bebfc0 !important;}&#8221;][vc_column][vc_row_inner gap=&#8221;35&#8243; el_class=&#8221;centrada2 white&#8221; css=&#8221;.vc_custom_1618404805241{margin-top: 40px !important;}&#8221;][vc_column_inner width=&#8221;2\/3&#8243;][vc_single_image image=&#8221;449&#8243; img_size=&#8221;full&#8221; alignment=&#8221;center&#8221;][\/vc_column_inner][vc_column_inner width=&#8221;1\/3&#8243;][vc_column_text]<\/p>\n<p style=\"text-align: justify;\">Les Boas, una selva urbana que ofereix immillorables vistes a l&#8217;illa de Formentera i a el casc antic d&#8217;Eivissa.<\/p>\n<p style=\"text-align: justify;\">L&#8217;edifici, t\u00e9 una forma sinuosa, colors vibrants i una vegetaci\u00f3 exuberant. La construcci\u00f3 de Jean Nouvel s&#8217;erigeix \u200b\u200bcom una gran boa de plomes, l&#8217;accessori de festa per excel\u00b7l\u00e8ncia, en l\u00ednia amb aquest hedonisme tan propi de l&#8217;illa. Allotjar-se a aquestes instal\u00b7lacions significa formar part d&#8217;una obra d&#8217;art.<\/p>\n<p style=\"text-align: justify;\">Des dels apartaments pots accedir tant a la piscina com al spa, al cinema, al gimn\u00e0s o la zona de jocs.<\/p>\n<p>[\/vc_column_text][\/vc_column_inner][\/vc_row_inner][vc_row_inner gap=&#8221;35&#8243; el_class=&#8221;centrada2 white&#8221;][vc_column_inner][vc_column_text]<\/p>\n<p style=\"text-align: justify;\"><strong>Un rac\u00f3 dedicat a l&#8217;art, el disseny i el luxe<\/strong><br \/>\nBoas \u00e9s una obra mestra de l&#8217;arquitectura, creaci\u00f3 del c\u00e8lebre Jean Nouvel. \u00c9s un edifici residencial molt bonic i \u00fanic, que representa a la perfecci\u00f3 el glamur\u00f3s estil de vida a Eivissa, i el gust per el teatral. A m\u00e9s, l&#8217;edifici est\u00e0 situat en una de les zones m\u00e9s de moda de l&#8217;illa, Marina Botafoch, amb un bonic passeig mar\u00edtim i unes vistes incre\u00efbles a el casc antic. Finalment, els apartaments estan molt ben dissenyats, amb espais oberts i una connexi\u00f3 flu\u00efda entre les zones interiors i exteriors. Estan decorats amb mobles de disseny i obres d&#8217;art contemporani. Aquestes tres raons resum el que els nostres clients busquen: estades \u00faniques i no convencionals, luxe combinat amb confort, disseny i art, aix\u00ed com una localitzaci\u00f3 immillorable.<\/p>\n<p>[\/vc_column_text][\/vc_column_inner][\/vc_row_inner][\/vc_column][\/vc_row][vc_row][vc_column][vc_empty_space height=&#8221;60px&#8221;][\/vc_column][\/vc_row][vc_row][vc_column][vc_single_image image=&#8221;583&#8243; img_size=&#8221;full&#8221; alignment=&#8221;center&#8221;][\/vc_column][\/vc_row][vc_row][vc_column][vc_empty_space height=&#8221;60px&#8221;][\/vc_column][\/vc_row]<\/p>\n","protected":false},"excerpt":{"rendered":"<p>[vc_row css=&#8221;.vc_custom_1577967230778{margin-top: 75px !important;margin-bottom: 50px !important;}&#8221;][vc_column][vc_column_text el_class=&#8221;titProyecto&#8221;] Las Boas, un dels residencials m\u00e9s luxosos d&#8217;Eivissa [\/vc_column_text][vc_empty_space height=&#8221;10px&#8221;][\/vc_column][\/vc_row][vc_row full_width=&#8221;stretch_row_content_no_spaces&#8221; css=&#8221;.vc_custom_1587463124812{background-color: #bebfc0 !important;}&#8221;][vc_column][vc_row_inner gap=&#8221;35&#8243; el_class=&#8221;centrada2 white&#8221; css=&#8221;.vc_custom_1618404805241{margin-top: 40px !important;}&#8221;][vc_column_inner width=&#8221;2\/3&#8243;][vc_single_image image=&#8221;449&#8243; img_size=&#8221;full&#8221; alignment=&#8221;center&#8221;][\/vc_column_inner][vc_column_inner width=&#8221;1\/3&#8243;][vc_column_text] Les Boas, una selva urbana que ofereix immillorables vistes a l&#8217;illa de Formentera i a el casc antic d&#8217;Eivissa. L&#8217;edifici, t\u00e9 una forma [&hellip;]<\/p>\n","protected":false},"author":1,"featured_media":0,"parent":0,"menu_order":0,"comment_status":"closed","ping_status":"closed","template":"fullwidth.php","meta":{"footnotes":""},"_links":{"self":[{"href":"https:\/\/lluriabarcelona.com\/ca\/wp-json\/wp\/v2\/pages\/3298"}],"collection":[{"href":"https:\/\/lluriabarcelona.com\/ca\/wp-json\/wp\/v2\/pages"}],"about":[{"href":"https:\/\/lluriabarcelona.com\/ca\/wp-json\/wp\/v2\/types\/page"}],"author":[{"embeddable":true,"href":"https:\/\/lluriabarcelona.com\/ca\/wp-json\/wp\/v2\/users\/1"}],"replies":[{"embeddable":true,"href":"https:\/\/lluriabarcelona.com\/ca\/wp-json\/wp\/v2\/comments?post=3298"}],"version-history":[{"count":3,"href":"https:\/\/lluriabarcelona.com\/ca\/wp-json\/wp\/v2\/pages\/3298\/revisions"}],"predecessor-version":[{"id":3301,"href":"https:\/\/lluriabarcelona.com\/ca\/wp-json\/wp\/v2\/pages\/3298\/revisions\/3301"}],"wp:attachment":[{"href":"https:\/\/lluriabarcelona.com\/ca\/wp-json\/wp\/v2\/media?parent=3298"}],"curies":[{"name":"wp","href":"https:\/\/api.w.org\/{rel}","templated":true}]}}

Las Boas, un dels residencials més luxosos d&#8217;Eivissa

<p>[vc_row css=&#8221;.vc_custom_1577967230778{margin-top: 75px !important;margin-bottom: 50px !important;}&#8221;][vc_column][vc_column_text el_class=&#8221;titProyecto&#8221;]</p>
<p style="text-align: center;">Las Boas, un dels residencials més luxosos d&#8217;Eivissa</p>
<p>[/vc_column_text][vc_empty_space height=&#8221;10px&#8221;][/vc_column][/vc_row][vc_row full_width=&#8221;stretch_row_content_no_spaces&#8221; css=&#8221;.vc_custom_1587463124812{background-color: #bebfc0 !important;}&#8221;][vc_column][vc_row_inner gap=&#8221;35&#8243; el_class=&#8221;centrada2 white&#8221; css=&#8221;.vc_custom_1618404805241{margin-top: 40px !important;}&#8221;][vc_column_inner width=&#8221;2/3&#8243;][vc_single_image image=&#8221;449&#8243; img_size=&#8221;full&#8221; alignment=&#8221;center&#8221;][/vc_column_inner][vc_column_inner width=&#8221;1/3&#8243;][vc_column_text]</p>
<p style="text-align: justify;">Les Boas, una selva urbana que ofereix immillorables vistes a l&#8217;illa de Formentera i a el casc antic d&#8217;Eivissa.</p>
<p style="text-align: justify;">L&#8217;edifici, té una forma sinuosa, colors vibrants i una vegetació exuberant. La construcció de Jean Nouvel s&#8217;erigeix ​​com una gran boa de plomes, l&#8217;accessori de festa per excel·lència, en línia amb aquest hedonisme tan propi de l&#8217;illa. Allotjar-se a aquestes instal·lacions significa formar part d&#8217;una obra d&#8217;art.</p>
<p style="text-align: justify;">Des dels apartaments pots accedir tant a la piscina com al spa, al cinema, al gimnàs o la zona de jocs.</p>
<p>[/vc_column_text][/vc_column_inner][/vc_row_inner][vc_row_inner gap=&#8221;35&#8243; el_class=&#8221;centrada2 white&#8221;][vc_column_inner][vc_column_text]</p>
<p style="text-align: justify;"><strong>Un racó dedicat a l&#8217;art, el disseny i el luxe</strong><br />
Boas és una obra mestra de l&#8217;arquitectura, creació del cèlebre Jean Nouvel. És un edifici residencial molt bonic i únic, que representa a la perfecció el glamurós estil de vida a Eivissa, i el gust per el teatral. A més, l&#8217;edifici està situat en una de les zones més de moda de l&#8217;illa, Marina Botafoch, amb un bonic passeig marítim i unes vistes increïbles a el casc antic. Finalment, els apartaments estan molt ben dissenyats, amb espais oberts i una connexió fluïda entre les zones interiors i exteriors. Estan decorats amb mobles de disseny i obres d&#8217;art contemporani. Aquestes tres raons resum el que els nostres clients busquen: estades úniques i no convencionals, luxe combinat amb confort, disseny i art, així com una localització immillorable.</p>
<p>[/vc_column_text][/vc_column_inner][/vc_row_inner][/vc_column][/vc_row][vc_row][vc_column][vc_empty_space height=&#8221;60px&#8221;][/vc_column][/vc_row][vc_row][vc_column][vc_single_image image=&#8221;583&#8243; img_size=&#8221;full&#8221; alignment=&#8221;center&#8221;][/vc_column][/vc_row][vc_row][vc_column][vc_empty_space height=&#8221;60px&#8221;][/vc_column][/vc_row]</p>

<p>[vc_row css=&#8221;.vc_custom_1577967230778{margin-top: 75px !important;margin-bottom: 50px !important;}&#8221;][vc_column][vc_column_text el_class=&#8221;titProyecto&#8221;] Las Boas, un dels residencials més luxosos d&#8217;Eivissa [/vc_column_text][vc_empty_space height=&#8221;10px&#8221;][/vc_column][/vc_row][vc_row full_width=&#8221;stretch_row_content_no_spaces&#8221; css=&#8221;.vc_custom_1587463124812{background-color: #bebfc0 !important;}&#8221;][vc_column][vc_row_inner gap=&#8221;35&#8243; el_class=&#8221;centrada2 white&#8221; css=&#8221;.vc_custom_1618404805241{margin-top: 40px !important;}&#8221;][vc_column_inner width=&#8221;2/3&#8243;][vc_single_image image=&#8221;449&#8243; img_size=&#8221;full&#8221; alignment=&#8221;center&#8221;][/vc_column_inner][vc_column_inner width=&#8221;1/3&#8243;][vc_column_text] Les Boas, una selva urbana que ofereix immillorables vistes a l&#8217;illa de Formentera i a el casc antic d&#8217;Eivissa. L&#8217;edifici, té una forma [&hellip;]</p>
