{"id":4640,"date":"2021-07-20T12:51:41","date_gmt":"2021-07-20T10:51:41","guid":{"rendered":"https:\/\/lluriabarcelona.com\/?page_id=4640"},"modified":"2021-07-21T10:37:40","modified_gmt":"2021-07-21T08:37:40","slug":"pis-prop-del-turo-park","status":"publish","type":"page","link":"https:\/\/lluriabarcelona.com\/ca\/pis-prop-del-turo-park\/","title":{"rendered":"PIS PROP DEL TUR\u00d3 PARK"},"content":{"rendered":"<p>[vc_row css=&#8221;.vc_custom_1577967230778{margin-top: 75px !important;margin-bottom: 50px !important;}&#8221;][vc_column][vc_column_text el_class=&#8221;titProyecto&#8221;]<\/p>\n<p style=\"text-align: center;\">PIS PROP DEL TUR\u00d3 PARK<\/p>\n<p>[\/vc_column_text][vc_empty_space height=&#8221;10px&#8221;][\/vc_column][\/vc_row][vc_row full_width=&#8221;stretch_row_content_no_spaces&#8221; css=&#8221;.vc_custom_1587463124812{background-color: #bebfc0 !important;}&#8221;][vc_column][vc_row_inner gap=&#8221;35&#8243; el_class=&#8221;centrada2 white&#8221; css=&#8221;.vc_custom_1618404805241{margin-top: 40px !important;}&#8221;][vc_column_inner width=&#8221;2\/3&#8243;][vc_single_image image=&#8221;4668&#8243; img_size=&#8221;full&#8221; alignment=&#8221;center&#8221;][\/vc_column_inner][vc_column_inner width=&#8221;1\/3&#8243;][vc_column_text]<\/p>\n<p style=\"text-align: justify;\">Aquest preci\u00f3s pis es troba a la banda del Tur\u00f3 Park, un dels parcs m\u00e9s prestigiosos i emblem\u00e0tics de Barcelona. Amb racons paisatg\u00edstics de gran bellesa.<\/p>\n<p style=\"text-align: justify;\">Es compon de rebedor, passadissos, menjador, cuina, tres cambres de bany, lavabo i un local susceptible de ser dividit en habitacions i de depend\u00e8ncies per a serveis, una terrassa davantera i una altra posterior i un balc\u00f3 que l&#8217;envolta en dos dels seus l\u00edmits.<\/p>\n<p>[\/vc_column_text][\/vc_column_inner][\/vc_row_inner][\/vc_column][\/vc_row][vc_row][vc_column][vc_empty_space height=&#8221;60px&#8221;][\/vc_column][\/vc_row][vc_row][vc_column][vc_single_image image=&#8221;4645&#8243; img_size=&#8221;full&#8221; alignment=&#8221;center&#8221;][\/vc_column][\/vc_row][vc_row][vc_column][vc_empty_space height=&#8221;60px&#8221;][\/vc_column][\/vc_row]<\/p>\n","protected":false},"excerpt":{"rendered":"<p>[vc_row css=&#8221;.vc_custom_1577967230778{margin-top: 75px !important;margin-bottom: 50px !important;}&#8221;][vc_column][vc_column_text el_class=&#8221;titProyecto&#8221;] PIS PROP DEL TUR\u00d3 PARK [\/vc_column_text][vc_empty_space height=&#8221;10px&#8221;][\/vc_column][\/vc_row][vc_row full_width=&#8221;stretch_row_content_no_spaces&#8221; css=&#8221;.vc_custom_1587463124812{background-color: #bebfc0 !important;}&#8221;][vc_column][vc_row_inner gap=&#8221;35&#8243; el_class=&#8221;centrada2 white&#8221; css=&#8221;.vc_custom_1618404805241{margin-top: 40px !important;}&#8221;][vc_column_inner width=&#8221;2\/3&#8243;][vc_single_image image=&#8221;4668&#8243; img_size=&#8221;full&#8221; alignment=&#8221;center&#8221;][\/vc_column_inner][vc_column_inner width=&#8221;1\/3&#8243;][vc_column_text] Aquest preci\u00f3s pis es troba a la banda del Tur\u00f3 Park, un dels parcs m\u00e9s prestigiosos i emblem\u00e0tics de Barcelona. Amb racons paisatg\u00edstics de gran bellesa. [&hellip;]<\/p>\n","protected":false},"author":1,"featured_media":0,"parent":0,"menu_order":0,"comment_status":"closed","ping_status":"closed","template":"fullwidth.php","meta":{"footnotes":""},"_links":{"self":[{"href":"https:\/\/lluriabarcelona.com\/ca\/wp-json\/wp\/v2\/pages\/4640"}],"collection":[{"href":"https:\/\/lluriabarcelona.com\/ca\/wp-json\/wp\/v2\/pages"}],"about":[{"href":"https:\/\/lluriabarcelona.com\/ca\/wp-json\/wp\/v2\/types\/page"}],"author":[{"embeddable":true,"href":"https:\/\/lluriabarcelona.com\/ca\/wp-json\/wp\/v2\/users\/1"}],"replies":[{"embeddable":true,"href":"https:\/\/lluriabarcelona.com\/ca\/wp-json\/wp\/v2\/comments?post=4640"}],"version-history":[{"count":4,"href":"https:\/\/lluriabarcelona.com\/ca\/wp-json\/wp\/v2\/pages\/4640\/revisions"}],"predecessor-version":[{"id":4675,"href":"https:\/\/lluriabarcelona.com\/ca\/wp-json\/wp\/v2\/pages\/4640\/revisions\/4675"}],"wp:attachment":[{"href":"https:\/\/lluriabarcelona.com\/ca\/wp-json\/wp\/v2\/media?parent=4640"}],"curies":[{"name":"wp","href":"https:\/\/api.w.org\/{rel}","templated":true}]}}

PIS PROP DEL TURÓ PARK

<p>[vc_row css=&#8221;.vc_custom_1577967230778{margin-top: 75px !important;margin-bottom: 50px !important;}&#8221;][vc_column][vc_column_text el_class=&#8221;titProyecto&#8221;]</p>
<p style="text-align: center;">PIS PROP DEL TURÓ PARK</p>
<p>[/vc_column_text][vc_empty_space height=&#8221;10px&#8221;][/vc_column][/vc_row][vc_row full_width=&#8221;stretch_row_content_no_spaces&#8221; css=&#8221;.vc_custom_1587463124812{background-color: #bebfc0 !important;}&#8221;][vc_column][vc_row_inner gap=&#8221;35&#8243; el_class=&#8221;centrada2 white&#8221; css=&#8221;.vc_custom_1618404805241{margin-top: 40px !important;}&#8221;][vc_column_inner width=&#8221;2/3&#8243;][vc_single_image image=&#8221;4668&#8243; img_size=&#8221;full&#8221; alignment=&#8221;center&#8221;][/vc_column_inner][vc_column_inner width=&#8221;1/3&#8243;][vc_column_text]</p>
<p style="text-align: justify;">Aquest preciós pis es troba a la banda del Turó Park, un dels parcs més prestigiosos i emblemàtics de Barcelona. Amb racons paisatgístics de gran bellesa.</p>
<p style="text-align: justify;">Es compon de rebedor, passadissos, menjador, cuina, tres cambres de bany, lavabo i un local susceptible de ser dividit en habitacions i de dependències per a serveis, una terrassa davantera i una altra posterior i un balcó que l&#8217;envolta en dos dels seus límits.</p>
<p>[/vc_column_text][/vc_column_inner][/vc_row_inner][/vc_column][/vc_row][vc_row][vc_column][vc_empty_space height=&#8221;60px&#8221;][/vc_column][/vc_row][vc_row][vc_column][vc_single_image image=&#8221;4645&#8243; img_size=&#8221;full&#8221; alignment=&#8221;center&#8221;][/vc_column][/vc_row][vc_row][vc_column][vc_empty_space height=&#8221;60px&#8221;][/vc_column][/vc_row]</p>

<p>[vc_row css=&#8221;.vc_custom_1577967230778{margin-top: 75px !important;margin-bottom: 50px !important;}&#8221;][vc_column][vc_column_text el_class=&#8221;titProyecto&#8221;] PIS PROP DEL TURÓ PARK [/vc_column_text][vc_empty_space height=&#8221;10px&#8221;][/vc_column][/vc_row][vc_row full_width=&#8221;stretch_row_content_no_spaces&#8221; css=&#8221;.vc_custom_1587463124812{background-color: #bebfc0 !important;}&#8221;][vc_column][vc_row_inner gap=&#8221;35&#8243; el_class=&#8221;centrada2 white&#8221; css=&#8221;.vc_custom_1618404805241{margin-top: 40px !important;}&#8221;][vc_column_inner width=&#8221;2/3&#8243;][vc_single_image image=&#8221;4668&#8243; img_size=&#8221;full&#8221; alignment=&#8221;center&#8221;][/vc_column_inner][vc_column_inner width=&#8221;1/3&#8243;][vc_column_text] Aquest preciós pis es troba a la banda del Turó Park, un dels parcs més prestigiosos i emblemàtics de Barcelona. Amb racons paisatgístics de gran bellesa. [&hellip;]</p>
